remainder when 221603 is divided by 43?
24
Calculate the remainder when 12924 is divided by 1576.
316
Calculate the remainder when 13052 is divided by 655.
607
Calculate the remainder when 71579 is divided by 11915.
89
What is the remainder when 2058 is divided by 36?
6
What is the remainder when 334684 is divided by 5?
4
What is the remainder when 10769 is divided by 3581?
26
Calculate the remainder when 195 is divided by 47.
7
Calculate the remainder when 26685 is divided by 93.
87
What is the remainder when 1869 is divided by 622?
3
Calculate the remainder when 94157 is divided by 845.
362
What is the remainder when 976 is divided by 847?
129
Calculate the remainder when 89648 is divided by 22.
20
What is the remainder when 18278 is divided by 144?
134
What is the remainder when 6462 is divided by 147?
141
What is the remainder when 20636 is divided by 20?
16
Calculate the remainder when 13961 is divided by 42.
17
Calculate the remainder when 11299 is divided by 809.
782
What is the remainder when 833 is divided by 35?
28
Calculate the remainder when 11739 is divided by 469.
14
Calculate the remainder when 24734 is divided by 16.
14
Calculate the remainder when 4370 is divided by 107.
90
Calculate the remainder when 3140 is divided by 49.
4
What is the remainder when 41578 is divided by 1815?
1648
What is the remainder when 89487 is divided by 134?
109
Calculate the remainder when 2089551 is divided by 8.
7
What is the remainder when 27686 is divided by 5533?
21
Calculate the remainder when 4369035 is divided by 208.
203
What is the remainder when 1826 is divided by 457?
455
Calculate the remainder when 137071 is divided by 920.
911
What is the remainder when 68145 is divided by 13598?
155
What is the remainder when 5003 is divided by 990?
53
What is the remainder when 158339 is divided by 21?
20
What is the remainder when 460305 is divided by 51?
30
What is the remainder when 1678 is divided by 15?
13
Calculate the remainder when 26496 is divided by 775.
146
Calculate the remainder when 182951 is divided by 28.
27
Calculate the remainder when 417 is divided by 81.
12
Calculate the remainder when 1188 is divided by 211.
133
Calculate the remainder when 93532 is divided by 35.
12
Calculate the remainder when 5024923 is divided by 69.
67
Calculate the remainder when 31026 is divided by 510.
426
Calculate the remainder when 1973 is divided by 65.
23
Calculate the remainder when 1904 is divided by 303.
86
Calculate the remainder when 8694 is divided by 22.
4
What is the remainder when 141815 is divided by 76?
75
Calculate the remainder when 85412 is divided by 14235.
2
Calculate the remainder when 19596 is divided by 54.
48
What is the remainder when 107 is divided by 83?
24
What is the remainder when 859 is divided by 145?
134
Calculate the remainder when 28508 is divided by 81.
77
Calculate the remainder when 9312 is divided by 182.
30
Calculate the remainder when 2229 is divided by 454.
413
What is the remainder when 84500 is divided by 4?
0
Calculate the remainder when 4248 is divided by 2118.
12
Calculate the remainder when 25001 is divided by 188.
185
Calculate the remainder when 9303 is divided by 184.
103
Calculate the remainder when 3427 is divided by 216.
187
Calculate the remainder when 37097 is divided by 110.
27
Calculate the remainder when 2129 is divided by 514.
73
What is the remainder when 148359 is divided by 20?
19
What is the remainder when 160311 is divided by 42?
39
What is the remainder when 20818 is divided by 10052?
714
Calculate the remainder when 5 is divided by 3.
2
What is the remainder when 38370 is divided by 93?
54
What is the remainder when 8498 is divided by 115?
103
Calculate the remainder when 18280 is divided by 18030.
250
Calculate the remainder when 3768 is divided by 2890.
878
What is the remainder when 8496 is divided by 1061?
8
Calculate the remainder when 1492 is divided by 136.
132
Calculate the remainder when 72313 is divided by 2060.
213
What is the remainder when 33967 is divided by 1029?
10
Calculate the remainder when 1996 is divided by 9.
7
Calculate the remainder when 31016 is divided by 704.
40
What is the remainder when 2189 is divided by 145?
14
What is the remainder when 1929 is divided by 300?
129
What is the remainder when 120645 is divided by 1915?
0
What is the remainder when 76059 is divided by 21?
18
Calculate the remainder when 234842 is divided by 43.
19
Calculate the remainder when 148 is divided by 15.
13
What is the remainder when 6777 is divided by 27?
0
Calculate the remainder when 9536 is divided by 1557.
194
What is the remainder when 25845 is divided by 37?
19
What is the remainder when 208354 is divided by 670?
654
Calculate the remainder when 325777 is divided by 130.
127
Calculate the remainder when 92215 is divided by 18.
1
What is the remainder when 769758 is divided by 10?
8
What is the remainder when 719292 is divided by 362?
360
What is the remainder when 8858 is divided by 80?
58
What is the remainder when 151427 is divided by 95?
92
Calculate the remainder when 1128 is divided by 105.
78
What is the remainder when 11764 is divided by 782?
34
What is the remainder when 10083 is divided by 3342?
57
What is the remainder when 80887 is divided by 793?
1
Calculate the remainder when 712393 is divided by 18747.
7
What is the remainder when 268734 is divided by 89577?
3
Calculate the remainder when 385963 is divided by 2.
1
What is the remainder when 1463 is divided by 247?
228
What is the remainder when 177924 is divided by 71?
69
What is the remainder when 61152 is divided by 30549?
54
What is the remainder when 1613022 is divided by 224?
222
Calculate the remainder when 469453 is divided by 296.
293
Calculate the remainder when 78103 is divided by 84.
67
What is the remainder when 343069 is divided by 21?
13
Calculate the remainder when 26473 is divided by 144.
121
What is the remainder when 4602 is divided by 307?
304
Calculate the remainder when 49884 is divided by 525.
9
What is the remainder when 875 is divided by 180?
155
What is the remainder when 1731009 is divided by 134?
131
What is the remainder when 1640 is divided by 384?
104
What is the remainder when 15119 is divided by 180?
179
What is the remainder when 532 is divided by 301?
231
What is the remainder when 348648 is divided by 348645?
3
Calculate the remainder when 21215 is divided by 2783.
1734
Calculate the remainder when 208848 is divided by 1322.
1294
What is the remainder when 15533 is divided by 149?
37
Calculate the remainder when 111363 is divided by 417.
24
What is the remainder when 2644 is divided by 1113?
418
Calculate the remainder when 1694 is divided by 270.
74
What is the remainder when 13227 is divided by 18?
15
What is the remainder when 36936 is divided by 46?
44
Calculate the remainder when 8393 is divided by 1288.
665
Calculate the remainder when 68231 is divided by 77.
9
Calculate the remainder when 532230 is divided by 25.
5
What is the remainder when 28120 is divided by 69?
37
Calculate the remainder when 65448 is divided by 90.
18
What is the remainder when 429056 is divided by 4206?
44
Calculate the remainder when 3545 is divided by 228.
125
What is the remainder when 31256 is divided by 7811?
12
What is the remainder when 566 is divided by 17?
5
What is the remainder when 3370 is divided by 674?
0
Calculate the remainder when 8091 is divided by 3439.
1213
Calculate the remainder when 83139 is divided by 18.
15
What is the remainder when 64254 is divided by 128?
126
Calculate the remainder when 71201 is divided by 685.
646
What is the remainder when 653104 is divided by 13?
10
Calculate the remainder when 78443 is divided by 253.
13
Calculate the remainder when 2362 is divided by 392.
10
What is the remainder when 12102 is divided by 2003?
84
Calculate the remainder when 782 is divided by 572.
210
What is the remainder when 35806 is divided by 105?
1
Calculate the remainder when 3109 is divided by 111.
1
What is the remainder when 10867 is divided by 5424?
19
Calculate the remainder when 316662 is divided by 232.
214
Calculate the remainder when 2257105 is divided by 35.
25
Calculate the remainder when 10417 is divided by 1479.
64
Calculate the remainder when 20934 is divi